{"id":13952,"date":"2014-03-26T10:21:49","date_gmt":"2014-03-26T10:21:49","guid":{"rendered":"http:\/\/demo.qodeinteractive.com\/bridge\/?page_id=13952"},"modified":"2018-05-27T20:27:47","modified_gmt":"2018-05-27T20:27:47","slug":"libro","status":"publish","type":"page","link":"https:\/\/jenniferroochnaiobis.com\/index.php\/libro\/","title":{"rendered":"Libro pdf"},"content":{"rendered":"<p>[vc_row css_animation=\u00bb\u00bb row_type=\u00bbrow\u00bb use_row_as_full_screen_section=\u00bbno\u00bb type=\u00bbgrid\u00bb angled_section=\u00bbno\u00bb text_align=\u00bbleft\u00bb background_image_as_pattern=\u00bbwithout_pattern\u00bb background_color=\u00bb#ffffff\u00bb padding_top=\u00bb87&#8243; padding_bottom=\u00bb70&#8243;][vc_column][vc_column_text]<\/p>\n<h2 style=\"text-align: center;\">Libro de las Cartas de la Uni\u00f3n Sagrada<\/h2>\n<p>[\/vc_column_text][vc_separator type=\u00bbsmall\u00bb position=\u00bbcenter\u00bb color=\u00bb#5dc1b9&#8243; up=\u00bb7&#8243; down=\u00bb38&#8243;][vc_column_text]<\/p>\n<h4 style=\"text-align: center;\">Te invito a descargar de manera totalmente Gratuita este libro en pdf que acompa\u00f1a la lectura de las Cartas de la Uni\u00f3n Sagrada, y que siento poner a tu disposici\u00f3n.<\/h4>\n<p>[\/vc_column_text][vc_separator type=\u00bbtransparent\u00bb up=\u00bb62&#8243; down=\u00bb10&#8243;][vc_row_inner row_type=\u00bbrow\u00bb type=\u00bbgrid\u00bb text_align=\u00bbleft\u00bb css_animation=\u00bb\u00bb el_class=\u00bbq_toolbar_dropcaps\u00bb][vc_column_inner width=\u00bb1\/2&#8243;][vc_separator type=\u00bbtransparent\u00bb up=\u00bb20&#8243; down=\u00bb20&#8243;][vc_column_text]<span class='q_dropcap square' style='background-color: #1ABC9C; color: #ffffff;'>PDF<\/span>Descargar <a href=\"https:\/\/jenniferroochnaiobis.com\/wp-content\/uploads\/2017\/10\/Completo-Libro-de-la-Uni\u00f3n-Sagrada-2012a-min.pdf\" target=\"_blank\" rel=\"noopener\"><strong>aqu\u00ed<\/strong><\/a> el libro completo con las explicaciones en profundidad de cada carta y propuestas de tiradas.[\/vc_column_text][\/vc_column_inner][vc_column_inner width=\u00bb1\/2&#8243;][vc_separator type=\u00bbtransparent\u00bb up=\u00bb20&#8243; down=\u00bb20&#8243;][vc_column_text]<span class='q_dropcap square' style='background-color: #3f888f; color: #ffffff;'>PDF<\/span>Descargar el libro en su versi\u00f3n \u00abcorta\u00bb de 35 p\u00e1ginas\u00a0<a href=\"https:\/\/jenniferroochnaiobis.com\/wp-content\/uploads\/2017\/10\/Corto-Libro-corregido-de-la-Union-Sagrada-2012a-1-min.pdf\" target=\"_blank\" rel=\"noopener\"><strong>aqu\u00ed <\/strong><\/a> para tiradas cortas e informaci\u00f3n m\u00e1s concisa.[\/vc_column_text][\/vc_column_inner][\/vc_row_inner][\/vc_column][\/vc_row][vc_row css_animation=\u00bb\u00bb row_type=\u00bbrow\u00bb use_row_as_full_screen_section=\u00bbno\u00bb type=\u00bbfull_width\u00bb angled_section=\u00bbno\u00bb text_align=\u00bbleft\u00bb background_image_as_pattern=\u00bbwithout_pattern\u00bb][vc_column][vc_empty_space]<\/p>\n<p>[vc_row_inner row_type=\u00bbrow\u00bb type=\u00bbgrid\u00bb text_align=\u00bbleft\u00bb css_animation=\u00bb\u00bb el_class=\u00bbq_toolbar_dropcaps\u00bb][vc_column_inner width=\u00bb1\/2&#8243;][vc_separator type=\u00bbtransparent\u00bb up=\u00bb20&#8243; down=\u00bb20&#8243;][vc_column_text]<span class='q_dropcap square' style='background-color: #1ABC9C; color: #ffffff;'>PDF<\/span>Here you can download <a href=\"https:\/\/jenniferroochnaiobis.com\/wp-content\/uploads\/2018\/05\/Cards-of-the-Sacred-Union-EN_with-TOC_A4.pdf\">HERE<\/a> the book of the Sacred Union Cards for free[\/vc_column_text][\/vc_column_inner][vc_column_inner width=\u00bb1\/2&#8243;][vc_separator type=\u00bbtransparent\u00bb up=\u00bb20&#8243; down=\u00bb20&#8243;][vc_column_text][\/vc_column_text][\/vc_column_inner][\/vc_row_inner]<\/p>\n<p>[vc_separator type=\u00bbtransparent\u00bb up=\u00bb62&#8243; down=\u00bb10&#8243;]<\/p>\n<div class=\"call_to_action normal\" style=\"background-color: #2f666b;\"><div class=\"container_inner\"><div class=\"two_columns_75_25 clearfix\"><div class=\"text_wrapper column1\"><div class=\"call_to_action_text \" style=\"\">Adquiere tu propio set de cartas&#8230;<\/div><\/div><div class=\"button_wrapper column2\"><a itemprop=\"url\" href=\"javascript: void(0)\" class=\"qbutton white \" target=\"\" style=\"color: #2f666b;background-color: #ffffff;\"data-hover-background-color=#0c2752 data-hover-color=#ffffff>COMPRAR<\/a><\/div><\/div><\/div><\/div>[\/vc_column][\/vc_row]<\/p>\n<p>&nbsp;<\/p>\n<p>[vc_separator type=\u00bbtransparent\u00bb up=\u00bb62&#8243; down=\u00bb10&#8243;]<\/p>\n<p>[vc_separator type=\u00bbtransparent\u00bb up=\u00bb62&#8243; down=\u00bb10&#8243;]<\/p>\n","protected":false},"excerpt":{"rendered":"<p>[vc_row css_animation=\u00bb\u00bb row_type=\u00bbrow\u00bb use_row_as_full_screen_section=\u00bbno\u00bb type=\u00bbgrid\u00bb angled_section=\u00bbno\u00bb text_align=\u00bbleft\u00bb background_image_as_pattern=\u00bbwithout_pattern\u00bb background_color=\u00bb#ffffff\u00bb padding_top=\u00bb87&#8243; padding_bottom=\u00bb70&#8243;][vc_column][vc_column_text] Libro de las Cartas de la Uni\u00f3n Sagrada [\/vc_column_text][vc_separator type=\u00bbsmall\u00bb position=\u00bbcenter\u00bb color=\u00bb#5dc1b9&#8243; up=\u00bb7&#8243; down=\u00bb38&#8243;][vc_column_text] Te invito a descargar de manera totalmente Gratuita este libro en pdf que acompa\u00f1a la lectura de las Cartas de&#8230;<\/p>\n","protected":false},"author":1,"featured_media":0,"parent":0,"menu_order":0,"comment_status":"open","ping_status":"open","template":"full_width.php","meta":{"footnotes":""},"_links":{"self":[{"href":"https:\/\/jenniferroochnaiobis.com\/index.php\/wp-json\/wp\/v2\/pages\/13952"}],"collection":[{"href":"https:\/\/jenniferroochnaiobis.com\/index.php\/wp-json\/wp\/v2\/pages"}],"about":[{"href":"https:\/\/jenniferroochnaiobis.com\/index.php\/wp-json\/wp\/v2\/types\/page"}],"author":[{"embeddable":true,"href":"https:\/\/jenniferroochnaiobis.com\/index.php\/wp-json\/wp\/v2\/users\/1"}],"replies":[{"embeddable":true,"href":"https:\/\/jenniferroochnaiobis.com\/index.php\/wp-json\/wp\/v2\/comments?post=13952"}],"version-history":[{"count":7,"href":"https:\/\/jenniferroochnaiobis.com\/index.php\/wp-json\/wp\/v2\/pages\/13952\/revisions"}],"predecessor-version":[{"id":16597,"href":"https:\/\/jenniferroochnaiobis.com\/index.php\/wp-json\/wp\/v2\/pages\/13952\/revisions\/16597"}],"wp:attachment":[{"href":"https:\/\/jenniferroochnaiobis.com\/index.php\/wp-json\/wp\/v2\/media?parent=13952"}],"curies":[{"name":"wp","href":"https:\/\/api.w.org\/{rel}","templated":true}]}}